nits digit of l?
4
Let d be ((-6)/9*-2679)/(-2). Let c = -475 - d. What is the tens digit of c?
1
Suppose -o + 4 = 2*k, 3*o - 1 - 11 = -4*k. Let u be 2 + 123 - (5 + k). What is the units digit of -1*(-2)/8 + 8250/u?
9
Let w(d) be the third derivative of -13*d**4/24 + 27*d**3/2 + 26*d**2. What is the tens digit of w(-6)?
5
Let n = 140 + -137. Suppose 5*d = -4*s + 6*d + 1294, -n*d = 4*s - 1302. What is the hundreds digit of s?
3
Let p = -115 + 126. Suppose 31 = p*c - 431. What is the tens digit of c?
4
Suppose -y = -2*y + 5*y. Let r(o) = -o + 4. Let b be r(2). Suppose b*n - 83 - 57 = y. What is the units digit of n?
0
Let l(b) = -b**2 - 6*b + 59. Let x be l(5). Suppose 4*f - 2*h - 506 = h, -x*h - 508 = -4*f. What is the units digit of f?
5
Let j(r) = -3135*r**3 + 3*r**2 + 59*r + 112. What is the ten thousands digit of j(-2)?
2
Let t(d) = 3*d**2 - 5*d + 2. Suppose -4*o + 3*o = -12. Suppose 10*i = 6*i + o. What is the tens digit of t(i)?
1
Let g(d) = 3*d + 76. Let o be g(-25). What is the hundreds digit of o/(-4) - (-4 + 6615/(-12))?
5
Suppose 19498 = 2*k - 261*s + 263*s, 3*k - 29257 = -s. What is the tens digit of k?
5
Let k(c) = 3*c + 11. Suppose 0 = 13*i - 12*i - 2. Suppose -5 - 15 = -i*z + l, -z + 13 = -2*l. What is the tens digit of k(z)?
3
Let q(b) be the third derivative of 58*b**5/15 + 11*b**4/8 - 10*b**3 + 3*b**2 + 19*b. What is the hundreds digit of q(2)?
9
Let i(s) = -2065*s - 3131. What is the tens digit of i(-4)?
2
Let v be (-32)/2*(-20)/120*36. What is the units digit of (37008/v)/((-1)/(-2))?
1
Let w = 37 + -31. Let t be (-20068)/(-87)*w/4. Suppose -55 + t = m. What is the hundreds digit of m?
2
Let c = -108823 + 201037. What is the hundreds digit of c?
2
Suppose 4*q = -b - 58, -172 = 4*b + 4*q - 0*q. Let m = b + 49. Suppose 17*t = m*t + 138. What is the tens digit of t?
2
Let u(w) = -w**3 - 9*w**2 - 9*w - 2. Let m be u(-6). Let k = 519 - m. What is the units digit of k?
5
Let b = -116 + 108. Let d(u) = 3*u**2 + 11*u. Let g be d(b). Let s = 123 + g. What is the hundreds digit of s?
2
Suppose -3*j = 4*h - 378, 2*j + 654 - 193 = 5*h. Let b(x) = 127*x**2 + 47 - h + 45. What is the tens digit of b(1)?
2
Let n = 43 - 14. Suppose 2565 = 38*v - n*v. What is the tens digit of v?
8
Suppose 29 = 11*o - 15. Suppose 0 = k + o*v - 485, 192 = k - 5*v - 248. What is the tens digit of k?
6
Let w(z) = -z**2 + 11*z - 15. Let i be w(9). Let o(b) be the first derivative of 10*b**2 + 15*b + 3. What is the tens digit of o(i)?
7
Let x(y) = y**3 - 20*y**2 - 32*y + 3. Let i be x(22). Let l = 414 - i. Suppose -p + l = 2*j, j + 2*j = 9. What is the units digit of p?
1
Let c(u) = u**3 - 18*u**2 + 28*u - 34. Let f(l) = l**3 - 17*l**2 + 29*l - 35. Let o(r) = -6*c(r) + 5*f(r). What is the units digit of o(21)?
8
Suppose 0 = -253*k + 525778 + 932004 + 1194164. What is the tens digit of k?
8
Let s = 1210 - -1260. What is the tens digit of s?
7
Let h = 1841 + 368. What is the units digit of h?
9
Let b be (-6072)/42*7/(-2). Suppose -8*l + 1654 = -b. What is the tens digit of l?
7
Suppose -43*z = -110950 - 125593. What is the units digit of z?
1
Let w = 10703 - 6648. What is the units digit of w?
5
Let t(i) = -30*i**3 - 2*i**2 + 3*i - 9. Let v be t(3). What is the units digit of ((-2)/((-24)/92))/((-6)/v)?
8
Let c = -611 - -614. Suppose -i = -c*j + 215, -10*j + 2*i = -5*j - 359. What is the tens digit of j?
7
Let t(h) = -h**2 - 9*h. Let w be t(-10). Let l be (-1380)/w*(-2)/4. Let j = l + 101. What is the tens digit of j?
3
Let t(u) = 107*u**3 + 2*u**2 - u - 1. Let z be t(2). Suppose 2683 + z = 8*p. What is the tens digit of p?
4
What is the units digit of (-5)/(30/(-72)) - -2724?
6
Suppose -s = 2*g + 29, 5*g - 5*s + 0*s = -35. Let x(q) be the second derivative of -4*q**3/3 - 61*q**2/2 + 78*q. What is the units digit of x(g)?
5
Let a be (1585/(-5))/((-6)/6). Let o = -66 + a. What is the units digit of o?
1
Suppose 0 = 63*j - 17*j - 446292. What is the units digit of j?
2
Suppose 19*c - 346824 = -6*c - 85874. What is the units digit of c?
8
Let y(i) = 2*i**2 + 31*i - 3. Let v be y(-15). Let l = -13 - v. Let b(j) = -j**3 + 4*j**2 + 14*j - 11. What is the units digit of b(l)?
4
Let w(p) be the third derivative of p**5/12 + 5*p**4/8 - 20*p**3/3 - 28*p**2. What is the hundreds digit of w(-15)?
8
Let p be (-7 + 22)*(-4)/(-6). Let a(s) = 3*s**3 + 30 - 2*s**3 - 10*s**2 - 34 + s. What is the units digit of a(p)?
6
Let p = 18 - 15. Suppose 0 = -2*r + p*r + 34. Let o = r + 124. What is the units digit of o?
0
Let u(z) = 72*z**2 - 14*z + 31. What is the thousands digit of u(6)?
2
Let a(m) = m**2 + 9*m + 16. Let v be a(-9). Suppose 0 = 13*k - v*k + 126. Let c = -26 + k. What is the units digit of c?
6
Let v(f) = -f**2 + 3*f - 2. Let m be v(2). Let z = m + 0. Suppose -12*q + 17*q - 480 = z. What is the units digit of q?
6
Let r(h) = 2*h**2 + 2*h + 1. Let y be r(-2). Suppose 42*b = -18*b + 180. Suppose 105 = w - b*o, 580 = y*w + o - 5*o. What is the tens digit of w?
2
Suppose -2*z = 2*z + 2*w - 246, 0 = 3*z - w - 197. Suppose 101 = 5*s - z. What is the units digit of s?
3
Suppose 24*m - 26 - 94 = 0. What is the units digit of (764 - m) + 5 + -1?
3
Let w(o) = o**3 - 11*o**2 - 8*o + 3. Suppose -3*n = 5*t - 14 - 19, 5*t - 65 = 5*n. Let j be w(t). Let p = j - -360. What is the tens digit of p?
2
Let d = 374 + 471. Let g = d - 710. What is the units digit of g?
5
Suppose -4*r - m = 2*m - 20988, -r - 3*m = -5256. Suppose 4*a = 23*a - r. What is the units digit of a?
6
What is the tens digit of (-129 + 117)*(-4520)/6?
4
Let i = 7628 - -15489. What is the ten thousands digit of i?
2
Let r = 9317 - 2246. What is the units digit of r?
1
Let s be 2202/11 + 42/(-231). Let d = s - -328. What is the units digit of d?
8
What is the tens digit of 924/(-56)*((-22845)/20)/(18/80)?
6
Let g be (-42)/(-84)*(2 - 5 - -1). What is the units digit of (373 - 30)*(-1)/g?
3
Let i(w) = -16*w**3 + 3*w**2 - 24*w - 17. What is the hundreds digit of i(-7)?
7
Suppose -331371 - 950289 = -41*t. What is the thousands digit of t?
1
Suppose 5*l + 3536 = 6416. Let c = -131 + l. What is the hundreds digit of c?
4
Let d(g) = 13*g - 289. Let b be d(22). Let l be (-2 - -2)/(-2) - -31. Let c = l + b. What is the units digit of c?
8
Let z = -770 - -775. Suppose 724 = s + z*f + 114, -4*s - f = -2383. What is the units digit of s?
5
Let u(q) = 1045*q + 1654. What is the units digit of u(6)?
4
Let p be ((-1)/(-5))/(90/450). What is the units digit of (-17340)/(-140) - 2/(-14)*p?
4
Suppose -12*m - 4*y = -7*m + 25, -4*m + 4*y + 16 = 0. Let h(a) = -603*a**3 + 2*a**2 + 3*a + 1. What is the hundreds digit of h(m)?
6
Let s(i) = -412*i + 22. Let k(b) = 413*b - 23. Let v(y) = 6*k(y) + 5*s(y). What is the units digit of v(1)?
0
Let c = 107856 - 68223. What is the ten thousands digit of c?
3
Let l(g) = -98*g + 2546. What is the thousands digit of l(0)?
2
Let y = 8763 + 1300. What is the hundreds digit of y?
0
Let w = -251 - -283. Suppose -8793 = -w*g + 3559. What is the units digit of g?
6
What is the hundreds digit of (805/(-105))/(4/(-4380))?
3
Let y(v) = -v**3 + 7*v**2 - 7*v + 19. Suppose -3*q - 16 = 299. Let j be (-2*(-2)/4)/((-21)/q). What is the units digit of y(j)?
4
Let f be -3*(-5)/15*3. Suppose -3*j - 6 = -6*j. Suppose 447 = f*m - j*r - r, 3*r = -m + 133. What is the tens digit of m?
4
Suppose 26 = -5*h + 41. Suppose -4*c + 3*w = -1440, -4*c + w - h*w = -1420. What is the tens digit of c?
5
Suppose 16486 = 6*p - 108230. What is the hundreds digit of p?
7
Let v = 148 - 27. Let b be 1/((-6)/(-21)*14/12). Suppose -5*n + v = -b*n - d, 0 = 2*n - 2*d - 116. What is the tens digit of n?
6
Let m(u) = -11*u + 37. Let q be 131/7 - (-18)/63. Suppose -q*n + 18*n - 11 = 0. What is the hundreds digit of m(n)?
1
Suppose 5 = 4*c - 3*y, c + 2*c - 20 = -y. Suppose -3*j = 2*r - 952 - 399, -3*j + c*r = -1379. Let u = j + -281. What is the tens digit of u?
7
Let q = 5969 + 15843. What is the ten thousands digit of q?
2
What is the hundreds digit of (57/76)/(5*(-4)/(-115200))?
3
Suppose 0 = -6*z - 73*z + 1246225. What is the units digit of z?
5
Let s be 6/(2/(-1)) + 3. Suppose 3*c + 3*n - 6 = s, -5*c = -4*n + 2*n + 4. Suppose 80 = 3*u - c*u + 2*l, -130 = -5*u - 4*l. What is the tens digit of u?
3
What is the tens digit of 30/4*(911 + 3) - (-32)/(-3